 + -1 - (-553 + 557 - (38 + -1))?
36
Calculate (-28 - 155) + 268 + -134.
-49
57 + 9 - (250 + -169)
-15
Calculate -25 + (9 - -18 - 48) - -90.
44
Evaluate -4 + (-4 - (19 + -20)) - -50.
43
Calculate -8 + (5 + 1 - (-94 - -92)) - -53.
53
Calculate -131 + 45 + -90 + 121.
-55
Evaluate -19 - (0 + 5) - 2.
-26
What is -24 - ((22 - 14) + -16 + 14)?
-30
Calculate (50 - -4) + 64 + -124 + 33.
27
What is (354 - 350) + 3 + 2 + -1 + (-133 - -34)?
-91
Calculate 30 - (-5 + -59 + 62).
32
Evaluate -125 + 151 + -23 + 0 + (0 - -32).
35
What is the value of (-1244 - -1179) + -2 + 5 + -22?
-84
Evaluate (-37 - 82 - -265) + -143.
3
What is the value of (-1 + 87 - 128) + 92?
50
Calculate -66 + (210 - (-67 + 204)).
7
(-64 - -152) + 0 + -17 - 18
53
Calculate 13 + (6 - ((4 - 3 - 4) + 3 + 14)).
5
What is the value of -603 + 605 + (-2 - 5)?
-5
-6 + (58 - 4) - (54 + -41)
35
-19 + 35 + (-48 - (-15 + 10))
-27
What is 1 - 0 - (-34 + -2 + 0 + 25)?
12
Evaluate ((17 - -27) + -38 - (-1 + -13)) + -18.
2
What is -5 - (59 - (73 - -61))?
70
What is the value of -38 - (3 + -18 - (-11 - -1) - 3) - -10?
-20
What is 7 + 0 + (-6 - 5 - -11) - 61?
-54
Evaluate -25 - (-10 - -32 - 43).
-4
Evaluate (1 - -19 - -1) + 15.
36
What is the value of (5 - 3 - (6 - (1 + -1))) + (-27853 - -27880)?
23
What is -12 - (22 + -60 + 18) - (12 - 4)?
0
(-2 - 9) + (-11 - (-2 + -30 - 11))
21
What is (-15 - -21) + -35 - -26?
-3
Calculate (127 - (-30 + 133)) + 66.
90
-25 - (4 - (5 + 3)) - -66
45
What is 34 + (25 + 8 - 23) + -64?
-20
What is -5 - (-24 + -10) - (-9 + -5 + 5)?
38
What is the value of (9 - 1) + (-1 - 0) - (-54 - (-15 - 3))?
43
Calculate 1 + -2 + (-5198 - -5341).
142
-125 + (11 - ((-30 + 35 - (-3 - -8)) + 17))
-131
What is -249 - (-173 - -61) - -202?
65
What is 67 - (90 + -86 + 37)?
26
(-44 - -21 - -61) + -24
14
-42 - (55 - 50) - -43
-4
Evaluate 0 - (-14 - 1) - (-164 + 282 + -106).
3
Calculate (17 + -2 - -36) + (-1 - -4 - 19).
35
Calculate 103 - 138 - (-2 + 4).
-37
Evaluate 52 + 0 + (31 - (-16 + (-6 - -49))).
56
Calculate 1 + 34 - ((-21 + -9 - -44) + -7).
28
Evaluate (47 + -9 - 9 - 93) + -2.
-66
Calculate 13 - ((16 - 7) + 5 + -8 + -4 + -73).
84
9 - 1 - ((-5 - -1) + 3) - (-1145 + 1144)
10
Evaluate -13 + -5 + -9 + 62 - (4 + (-11 - -3)).
39
Calculate 63 + (-90 - (30 - 29)).
-28
-63 + (-5 - -12) + -2 + 56 + -56
-58
Calculate -5 - (84 + -41 - 56 - 2).
10
Calculate 5 - 0 - (-20 - (16 - 4 - 17 - -107)).
127
What is the value of -8 - (2 + -6 + (35 - 43))?
4
What is the value of -56 - 1 - (-2640 + 2527)?
56
-13 + -36 + -18 + 51
-16
What is (1 - 40) + (107 - (33 + 68))?
-33
Evaluate -2130 + 2109 - (2 + -17).
-6
Calculate (-2 + 2 - -25) + (-89 - (-262 - -165)).
33
(-4 - 0) + -8 - (2 + 18)
-32
What is the value of (6 - -4 - -22 - 13) + -17 - (54 + -3)?
-49
19 - 3 - (-91 - -102 - -50)
-45
Calculate -17 + (-23 - -33 - 82 - (-4 + -5)).
-80
What is the value of 25 - (-75 + (91 - -36))?
-27
Calculate 7 + (-7 - 5) - (27 + -1) - (-4 + 14).
-41
Calculate 6 - (-27 - (-4 - 2)) - 5 - (-1 - 0).
23
1 - -69 - (4 - ((-9 - (-4 + 0)) + 6))
67
What is the value of -121 + (105 - (13 + -111))?
82
Evaluate -19 + 9 + 57 - (29 + -10).
28
What is (10 - ((-10 - -4) + 12)) + (-5 - (-60 - 6))?
65
Evaluate (-55 + 116 - 20 - 52) + (1 - 1).
-11
Calculate 4 + (-28 - -63) + -22 + 1 + 80.
98
Calculate 27 + (7 - 8) + 7 - (4 + (25 - 18)).
22
Evaluate -11 - (1 + 1) - (-73 + 14 + 54).
-8
What is -7 - ((-110 - -123 - (60 + -1)) + -8)?
47
2 + (-62 - -107) - 39
8
What is the value of (27 - (-42 - (15 - 31))) + -4 + 5 + -4?
50
-124 - (136 + -119) - -11
-130
-84 + 29 + (-11 - -37) + -57
-86
Calculate -66 - 23 - -52 - -83.
46
What is the value of 3 - -56 - 10 - (-270 - -239)?
80
What is the value of (-1553 - -1554) + (3 - -9 - -1)?
14
What is (-1 - (-6 - 2)) + (2196 - 2166)?
37
Evaluate (-83 - -75) + -38 + 3 - (10 + -3 - -1).
-51
What is (1158 - 1229) + (57 - -1) - (-53 + 2)?
38
What is the value of 1349 + -1356 - (1 - -30)?
-38
-4 + 47 + -73 + 78
48
Evaluate 7 - (-53 + (71 - -14)).
-25
Evaluate 11 - ((-135 - -58) + 60).
28
What is 10 + -99 - (-15 - -2 - (-37 + 19)) - 1?
-95
45 + 48 + 53 + -76
70
What is the value of -12 + -2 + (74 - (-17 + 58 - 24))?
43
What is 23 - 49 - 27 - -31?
-22
Evaluate -28 - (16 + 37 + -65).
-16
Evaluate (116 - -48) + -34 + -85.
45
What is the value of -4 + -6 + 57 + (11 + 6 + -9 - 11)?
44
Evaluate (3 + -5 - (2 - 34) - (-33 - -35)) + 1.
29
Evaluate 106 + (-13 + -7 + 5 - -25) - 18.
98
(66 - (11 - (36 - 31))) + -14
46
What is the value of ((-1 - -7 - -14) + (1 - 6) - 6) + -44?
-35
2 + -36 - (-227 - -22 - -184)
-13
What is (-39 - 0) + -1195 + 1244?
10
What is the value of (-17 - (49 - -17)) + (-2 - -5 - 2) + 0?
-82
Calculate 6 + (-86 - (-5 - (20 + -13))) - 5.
-73
(15 - 1) + -62 + (33 - 4 - 33)
-52
Calculate (29 - (19 + 21) - -71) + 26.
86
-9 - ((-1 + -2 - 4) + (17 - -1 - -11))
-31
118 + -204 + -5 + 8 + (4 - 9)
-88
Calculate (5130 - 5103) + -24 + 1.
4
What is the value of (-54 - (22 - 2)) + -17?
-91
Calculate 7 - (7 - (21 - -21 - 19)) - -18.
41
(-8 + 1 - (720 + -769)) + -2 + -11 + 9
38
23 - (-597 + 558 - (-22 + 1))
41
-40 + 17 + -10 + 32 + (0 - 5 - -1)
-5
What is (-2245 - -2221) + (0 + 1 - -52)?
29
Calculate 23 + -34 + (63 - 28).
24
Evaluate (2 - (2 + -8)) + (107 - (66 - -6)).
43
Calculate 119 - (-112 + 131 + 1 + 2).
97
8 + 10 + -125 + 126 + (-17 - (1 - 3))
4
What is the value of 10 + -17 - -8 - 48 - -18?
-29
What is 9 + (-48 - 51) + -24 + -3?
-117
Calculate (-10 - (-98 - -37)) + -37 - 103.
-89
What is the value of 56 + (26 - (4 - -12) - 25) + 28?
69
Calculate -5 + 54 + -24 + -64.
-39
Evaluate (-2 - 21) + (38 - (-113 + 81)).
47
What is the value of 84 + -85 + (-65 - 53)?
-119
21 - (-31 + -69 + 73)
48
What is -13 - 18 - (1 - 2)?
-30
Evaluate -83 - -38 - -58 - -34.
47
-66 + 44 + -34 + 39
-17
Calculate -9 + -18 + (-218 - -234) + (-30 - 1).
-42
(-3 + 48 - (8 - -12)) + -43
-18
70 - (1427 - 1382 - (-1 + 17))
41
Evaluate 56 - (64 - (-42 + 55)).
5
What is -77 + (82 + 20 - 39)?
-14
-11 + 4 - (-5 - 66) - (2 + -2 + -3)
67
Evaluate 12 + -21 - (0 + 6 - (-95 - -140)).
30
What is the value of (301 - 318 - (3 - 28)) + -16?
-8
What is (-16 - -5) + -26 + 7 + -40 + 18?
-52
Evaluate -568 + 579 + (1 - (-2 - -1)) + -2.
11
Evaluate 5 - -24 - (-5 - 8 - (4 - 4)).
42
Calculate 255 - 143 - 118 - -36.
30
Calculate -845 + 995 + (-1 - 61).
88
What is the value of (7 - 3 - -2) + (20 + -54 - -22)?
-6
Calculate -16 + 4 - (5 + 11) - (1 - (15 + -7)).
-21
What is 2 + 2 + (115 + -16 + -17 - 31)?
55
Calculate -40 + -1 + (-14 - -29 - 10).
-36
What is the value of -18 + -9 + 7 + (-1 - -18)?
-3
Calculate (-11 - -9 - ((10 - 6) + -17) - 11) + -11.
-11
Calculate 2291 - 2307 - (1 + -39).
22
Calculate 184 + -145 - (-106 - -1) - 23.
121
Calculate (93 - (63 - 22)) + -5 + -3.
44
What is the value of (1 - 13 - (-134 - -49)) + -7 + 17?
83
What is -18 - (-8 - (11 + -10 - (-1 - -16)) - -1)?
-25
What is the value of 0 - 7 - ((-21 - 26) + 25)?
15
Evaluate (-91 - (-179 + 107)) + -20 + 0.
-39
63 + 2 - (-63 + 102)
26
What is the value of (3 - -5) + (-3 - -1) + -11 + (65 - 108)?
-48
What is the value of -1695 + 1799 + (1 - 35)?
70
What is the value of (2 - -78) + -3 + -4 + 10 + 10 + -13?
80
Evaluate 32 + (-148 - (31 + -18)) + 22.
-107
Evaluate 27 + (-10 - -40) + -19 + 4.
42
What is the value of 6 - ((14 + (20 - 28) - 13) + -2)?
15
Calculate 40 - (11 - -33) - -1.
-3
6 - 5 - ((-93 - 16 - -18) + 11)
81
What is the value of (169 - 167) + -23 + 5?
-16
What is the value of (4 - 0 - (3 + 7)) + 41 + -4?
31
What is the value of 35 - (-33 + 24 - -154) - (-1 + 0 + -2)?
-107
22 + (-15 - -10) + -15 + 2 + (-2 - -9)
11
9 + 19 + -4 + -3 + -18 + -2 + -8
-7
-6 - (-2 + (27 - 26) - (-4 - 1))
-10
What is the value of 11 + -55 + 9 + 14 - -15 - 0?
-6
(-8 + 12 + 3 + -8 + -4 - 77) + -1
-83
83 + -48 - -26 - 104
-43
Calculate (1 - 3 - 22) + -132 + (71 - -43).
-42
Evaluate -5 + 2 + 6 + -2 - (-5 + -58 - -19).
45
Evaluate (-2 - (-3 + -1) - -7) + -60 + 50 + 32.
31
What is (-5 - (-1 - (9 + -11))) + 19 + 21?
34
What is 16 - (21 - (16 + 8 + 9))?
28
(13 - (20 + 23 - 13)) + -4
-21
Calculate -44 + (88 - 116) + -21.
-93
What is 12 - ((-14 - 3 - -3) + 7 + 1 + 0)?
18
-38 + -15 + 3 + 7 + (1 - (-17 + 15))
-40
What is (19 - (35 - 13)) + (-1 - 2) + -32?
-38
What is (14 - 11) + (59 - 75)?
-13
Evaluate 110 - (9 + -5) - (279 + -242).
69
Ca